y 29?
20
Let h = 117 + -95. Calculate the remainder when 106 is divided by h.
18
Let x(y) = 170*y + 948. What is the remainder when 683 is divided by x(-5)?
95
Let p be (-16)/(-3)*(-2 - -8). Suppose -14 = m + 5*a, 4*m - p = a + a. Let y(n) = -n**3 + 3*n**2 - 2*n + 2. What is the remainder when m is divided by y(2)?
0
Suppose 0 = -w + 4, 109*x + w + 584 = 111*x. Calculate the remainder when x is divided by 74.
72
Let n(i) = i**3 - 2*i**2 - 9*i + 11. Suppose -5*d + 18 + 17 = 0. What is the remainder when n(d) is divided by 49?
46
Let d = 113 - 63. Suppose -3*c + 7*c + d = 3*r, 2*r - 35 = c. Suppose -3*f + 18 + 141 = 0. Calculate the remainder when f is divided by r.
17
What is the remainder when (16/(-48))/(1/(-489)) is divided by 21?
16
Let v(s) = 5*s. Let k be -1 + 0 - (-72)/4. Let r = 19 - k. What is the remainder when 29 is divided by v(r)?
9
Suppose -6*w + 5*a + 462 = 0, -6*w + 3*w + 3*a = -231. What is the remainder when w is divided by 69?
8
Let q(y) = -y - 3. Suppose -2*d - 5 = -3*m + 15, 0 = -m + 5*d + 24. Suppose m*j = -j + 145. What is the remainder when j is divided by q(-9)?
5
What is the remainder when 43 is divided by -8 - (-35 + (1 - 2))?
15
Let y(v) = 2*v**3 + 2*v**2 + v + 3. Calculate the remainder when y(4) is divided by 72.
23
Let m be (-2*(-3)/2)/(-1). Let o be (0 - m) + -3 + 7. What is the remainder when 14 is divided by (-2)/o + (-290)/(-35)?
6
What is the remainder when (-592)/(-6)*(5 - 0 - 2) is divided by 50?
46
Let p(o) = -o + 7. Let z be p(5). Suppose -z*j + 18 = 2*g, 3*j - 26 = j + 2*g. Calculate the remainder when j is divided by 4.
3
Suppose -5*l + 275 = -735. What is the remainder when l is divided by 10?
2
Let p = 139 + -354. Let t be 3/(-2)*(-10)/3. Calculate the remainder when 2/t - p/25 is divided by 6.
3
Let h be (18 - 0)*(-9)/6. Let r = h + 68. Calculate the remainder when r is divided by (-218)/(-10) + (-1)/(-5).
19
Let i(w) = -w**2 + 23*w - 35. Calculate the remainder when i(20) is divided by 8.
1
Let l(o) = -o**3 - 3*o**2 + 27*o - 5. Let d be l(-7). What is the remainder when 37 is divided by (-3 - 3)/(d*(-1 - 0))?
1
Suppose n = -2*p + 64, 20 = -0*p + 5*p. Let d = -21 + 10. Let y = 30 + d. Calculate the remainder when n is divided by y.
18
Suppose 2*a - 4*h = h - 75, 0 = -5*a + 2*h - 135. Let s = a + 32. What is the remainder when 16 is divided by s?
2
Let t(v) be the third derivative of v**5/60 - v**4/24 - 3*v**3 - 2*v**2 - 2*v. What is the remainder when t(13) is divided by 47?
44
Let g(f) = 5*f**2 - 5*f + 3. Calculate the remainder when g(5) is divided by 26.
25
Let l be ((-28)/3)/(-14) + (-8)/3. Let j = l - -98. What is the remainder when j is divided by 50?
46
Suppose -4*o = -10 + 2. Suppose -9*z = -o*z - 280. Suppose d = -17 + z. Calculate the remainder when 90 is divided by d.
21
Suppose -17*r + 785 + 269 = 0. What is the remainder when 166 is divided by r?
42
Suppose -2*x = -5 + 15, 3*x = 3*f - 81. What is the remainder when 84 is divided by f?
18
Let k(b) = -8*b - 85. Calculate the remainder when 87 is divided by k(-12).
10
Suppose 23 + 252 = g. Suppose 0 = -8*k - g + 907. Calculate the remainder when k is divided by 21.
16
Suppose 8*j + 8 = 10*j. Suppose -j*w - 2*r = -74, -5*r - 8 = -3*w + 28. Calculate the remainder when 3*4/6 - -29 is divided by w.
14
Suppose 3*y = -4*o - 31 + 166, 0 = 5*y + 2*o - 239. What is the remainder when 142 is divided by y?
44
Suppose -7*f + 308 = -0. Suppose 0 = -4*d + 4*s + 28, -2*s - 2*s = 2*d - f. Calculate the remainder when 23 is divided by d.
11
Let o = 18 - 15. Suppose p - 4*b - 4 = -o*b, 2*p - b = 13. Suppose -p = -3*y + 2*k, 3 = y + 2*k - k. What is the remainder when 7 is divided by y?
1
Suppose -4*h - 740 = 4*u, 3*u = -h + 5*h - 520. Let c be ((-2)/(-4))/((-5)/u). Suppose -10*r = -13*r + c. What is the remainder when r is divided by 2?
0
Let s = 144 + -40. Calculate the remainder when s is divided by 27.
23
Let x be -1*3/12*0. Suppose x = 5*y - 7*y + 10. Suppose 0*r - 6 = 3*r, -2*r = -y*c + 149. Calculate the remainder when c is divided by 16.
13
Let o(c) = 2 - 9 - c**2 + 4*c**3 - 5*c**3 - 13*c**2 - 14*c. Suppose -4*q = q - 110. What is the remainder when q is divided by o(-13)?
4
Let v(f) = f**3 - 16*f**2 + 5. Suppose 1 = -5*t + 3*q + 55, -q = 3*t - 38. What is the remainder when t is divided by v(16)?
2
Let i(x) = x**3 + 7*x**2 - 6*x - 5. Suppose g - 3*u = -3*g - 119, 59 = -2*g + u. Let n = 42 + g. What is the remainder when i(-7) is divided by n?
11
Let n(v) = -v**3 - 29*v**2 - 38*v - 225. Let s(t) = -4*t - 5. What is the remainder when n(-28) is divided by s(-6)?
17
Suppose 5 = -2*u + 25. Let r = -54 - -73. What is the remainder when r is divided by u?
9
Let z be 2/1*5 - -4. Suppose 4*p = 2*p + z. Calculate the remainder when 26 is divided by p.
5
Let g = -860 + 889. What is the remainder when 111 is divided by g?
24
Let o(c) = c + 6. Let t be o(4). Suppose 3*u = 2*n + 97, -t = 5*u - 2*n - 165. Calculate the remainder when 83 is divided by u.
25
Suppose -9*p - 107 = -1052. What is the remainder when 39 is divided by (-1*1)/((-15)/p)?
4
Suppose -2*s = 3*i - 90, -4*i + 58 + 79 = -3*s. Calculate the remainder when i is divided by (68/(-20))/(1/(-5)).
15
Suppose 4*g + 4*g = 40. Suppose -4*u - 29 = -g*u. Calculate the remainder when 84 is divided by u.
26
Let x = -33 + 51. Suppose -4*c - x = -3*l - c, c = 5*l - 18. Calculate the remainder when l is divided by ((-1)/(-1))/(2/4).
1
Suppose -5*r + 3*r = 0, -5*g - 5*r = -40. What is the remainder when 3 is divided by ((-12)/(-9))/(g/12)?
1
Let n = -29 + 21. Suppose w + 10 = 11. What is the remainder when (-15)/10*n/6 is divided by w?
0
Let v be (-9)/(-18)*4/(-2) - -2. Suppose 3*a - 14 = p, -v = 2*p - 3. What is the remainder when (8/(-6))/((-4)/54) is divided by a?
3
Suppose 2984*g - 2825 = 2979*g. What is the remainder when g is divided by 185?
10
Let b(f) = f**2 - 4 + 4*f - f + 0 + 0. What is the remainder when b(6) is divided by 12 - (5 - 11/1)?
14
Suppose 0 = -0*y - 2*y - 5*q - 5, 5*y = q + 28. Let n = -5 - -15. What is the remainder when n is divided by y?
0
Let n be ((-5)/10)/(1/(-4)). Suppose 0 = 7*g - 3*g + 3*t - 136, -4*g + n*t = -156. Calculate the remainder when g is divided by 8.
5
Suppose b = 4 + 1. Suppose -5*q - 6*p + b*p + 335 = 0, 2*q - 134 = -p. What is the remainder when q is divided by 35?
32
What is the remainder when -603*(-12)/180 + (-4)/(-5) is divided by 1/(-2) - (-27)/2?
2
Let m(p) = p**3 + 13*p**2 + 6*p - 26. Let w be m(-9). Let x = -162 + w. Calculate the remainder when x is divided by 14.
12
Let n be ((-4 - -13) + 1)/2. Suppose 27 = 5*u - 4*j, -2*j - j + 41 = n*u. What is the remainder when u is divided by 5?
2
Let i be 4*2 + (2 - 3). Let q = 19 - i. Let l = 143 + -110. Calculate the remainder when l is divided by q.
9
What is the remainder when 63/(-210) - (-30565)/50 is divided by 154?
149
Let v(q) = 61*q**2 - 7*q + 6. What is the remainder when 718 is divided by v(1)?
58
Let k = -117 + 123. Calculate the remainder when 62 is divided by k.
2
Let t(a) be the third derivative of -a**5/30 - 2*a**4/3 + a**2. Let j(z) = 7*z - 3. What is the remainder when j(4) is divided by t(-7)?
11
Let v = -817 + 842. What is the remainder when 126 is divided by v?
1
Suppose -4*q + 217 = -187. What is the remainder when q is divided by ((-52)/(-6))/(6/18)?
23
Suppose 0 = -25*j + 20*j + 1265. Calculate the remainder when j is divided by 15.
13
Suppose 7*z - 182 - 182 = 0. Calculate the remainder when z is divided by 25.
2
Suppose -52*f = -53*f + 298. Let h = -153 + f. What is the remainder when h is divided by 37?
34
Let v(t) = t**3 + 13*t**2 + 12*t + 4. Let d be v(-12). Suppose -d*j - k = -186, -2*j - j + 4*k + 149 = 0. Calculate the remainder when j is divided by 15.
2
Let o(r) = 22*r**2 - r. Let f = 93 - 45. Suppose -f = -5*v + v. Calculate the remainder when o(-1) is divided by v.
11
Let m be (-1 + -1)*(-12)/8. Suppose -19 = m*p - 5*j, -6*j + 9 = -3*p - 3*j. Suppose 0*d + 8 = p*d. Calculate the remainder when d is divided by 3.
1
Let w(x) = x**3 + 5*x**2 - 9*x - 6. Let i = -8 + 86. Let z = i + -33. What is the remainder when z is divided by w(-6)?
9
What is the remainder when 275/(3 - -5 - 7) is divided by 14?
9
Let k = 13 - 1. Calculate the remainder when -24*3*(-8)/k is divided by 17.
14
Wh